 20 - 5, -2*j = 2*h - 12. Let p be ((1/(-2))/(-1))/(1/2). Let u be 15 + 1/(p/j). Calculate the highest common divisor of 18 and u.
18
Let k = -1 + 145. Let w = k + -44. Suppose 3*p = 251 + w. Calculate the highest common divisor of 13 and p.
13
Suppose -3 + 12 = 3*a. Suppose -17*h = -9*h - 224. Let z be 3*(9/(-12) + 49/h). Calculate the highest common divisor of z and a.
3
Suppose 10 = -5*d, 4*d - 258 = 6*q - 4*q. Let y = q + 227. Calculate the highest common divisor of y and 2.
2
Suppose -1989 - 1035 = -9*n. What is the greatest common divisor of n and 126?
42
Suppose 3*i - 4*q - q + 1 = 0, -5*q + 7 = -i. Suppose i*a + 3*c = 261, a - 3*c - 75 = -8*c. Calculate the greatest common factor of a and 405.
45
Let j(u) = -36*u - 202. Let a be j(-6). Let g(l) = 3*l**3 - 6*l**2 + 7. Let t be g(7). Calculate the highest common factor of a and t.
14
Let n be 157120/10 - (1 + 3). What is the highest common factor of 132 and n?
132
Let q be -1 + (0 - -3) + 5. Let b be ((112/(-40))/q)/((-2)/110). What is the greatest common divisor of b and 814?
22
Let g = -3269 + 6293. Suppose y = -15*y + g. What is the highest common divisor of y and 315?
63
Let v(u) = -15*u**3 + 11*u**2 + 20*u - 9. Let b be v(-3). What is the highest common divisor of b and 45?
15
Let x = 675 - 455. Suppose x = 13*t - 11*t. Suppose 80 = 5*s - 3*f - 140, -5*s + 5*f + 220 = 0. Calculate the highest common factor of t and s.
22
Let w = 32 - 27. Suppose -3*j = -w*p + 147, 4*p - 3*p - 3*j = 27. Calculate the highest common factor of p and 250.
10
Suppose 0*s - s + 5 = 0, -2*f + 5*s + 1181 = 0. Let l be 4/(-50) + (-9 - 1902/(-25)). What is the highest common factor of f and l?
67
Suppose 0 = -3*s - n + 3, -5*s - 4*n - 3 = -1. Suppose 3*x - 27 = 4*i, -21 = 4*x - 7*x + s*i. Calculate the highest common divisor of x and 15.
5
Suppose -64*r + 10354 + 1014 = -8*r. Calculate the greatest common factor of r and 7946.
29
Let y = 9329 + -9313. Suppose 6*i = 57 + 15. What is the highest common factor of y and i?
4
Suppose -5*q + 3*q = 148. Let t = -20 - q. Suppose -3*o + 3*a + 24 = -51, t = 2*o - 3*a. Calculate the greatest common factor of 63 and o.
21
Let h(n) = n - 6. Let s be 12 - -28 - (-1 + -3 + 0). Let g be h(s). What is the greatest common factor of 437 and g?
19
Let o be 1 + 300 + (-6)/21*-7. Suppose -6*g - 69 + o = 0. What is the highest common divisor of 39 and g?
39
Suppose -4*t = 259 - 235. Let i be 5/((-375)/(-135))*(-100)/t. Calculate the highest common divisor of i and 18.
6
Suppose 0 = 155*x - 153*x - 84. Suppose -4*k + 0*k - 256 = -2*l, -2*l - k + 251 = 0. Calculate the greatest common factor of x and l.
42
Let w = 3837 - 2346. What is the greatest common factor of 142 and w?
71
Let n(a) = -450*a + 55. Let d be n(0). What is the greatest common divisor of d and 1672?
11
Let f be ((-3)/9)/(12/(-180)). Suppose -2*i + 4*j + 739 = -11, 3*i - f*j = 1122. What is the greatest common divisor of i and 9?
9
Suppose -48*z + 39*z + 3375 = 0. Suppose -5*k + z = 5*o, 5*k = -2*o - o + 367. What is the greatest common factor of k and 355?
71
Let n = 165 - 161. Suppose 5*w + 3*j - 131 = 0, w - 25 - 15 = n*j. What is the greatest common divisor of w and 182?
14
Let j = 1472 + -1424. Calculate the greatest common divisor of 294 and j.
6
Let r(a) = -a**2 - 12*a + 59. Let n = -139 + 126. Let b be r(n). Calculate the greatest common factor of 23 and b.
23
Suppose 5*o - 1010 = 600. Suppose 30*z - 23*z = o. What is the greatest common divisor of z and 598?
46
Let t = -229 + 389. Suppose -14*h + t = -6*h. Let i = 7 - 2. Calculate the highest common factor of h and i.
5
Suppose 3*h + r = 2700, -5*h = 3*r - 2950 - 1554. What is the highest common factor of h and 319?
29
Let q(u) = u - 9. Let t be q(14). Suppose 134 = p + g, g - 122 = -p + 3*g. Suppose t*k - 20 = p. What is the greatest common divisor of 30 and k?
30
Suppose -12*j = -4*j - 16. Suppose 16*d - j*d = 2632. Suppose -3*a - 2*a - 4*z = -296, 3*a - d = -5*z. Calculate the greatest common divisor of a and 16.
8
Suppose 155520 = 187*t - 127*t. What is the greatest common factor of t and 64?
32
Suppose c = 0, 88 = 2*b - 3*c + 28. Calculate the highest common factor of 354 and b.
6
Suppose 56*r - 1150 + 32 + 110 = 0. What is the highest common divisor of r and 3750?
6
Let d = -97 - -103. Let h be 0 - 1 - (-5)/(-5). Let p be 26 + (-1 - (3 + h)). What is the greatest common factor of d and p?
6
Let b = 10013 + -9749. What is the greatest common divisor of b and 88?
88
Suppose m = -3, 2*j - 17*m - 6 = -13*m. Let b be (-39)/13*4/j. Suppose 234 - 34 = b*g. Calculate the highest common factor of 30 and g.
10
Let c be (-458622)/324*(-3)/((-10)/(-4) - 1). Calculate the highest common divisor of c and 95.
19
Suppose 152*w = 1794 + 4286. Calculate the greatest common divisor of w and 5140.
20
Let k be (6 - 0)*64/6. Suppose -3*g = 4*y - 28, -89*g = 5*y - 87*g - 28. What is the greatest common factor of y and k?
4
Let r be (-5)/(-20) - (-107)/4. Let i(p) = p**3 + 7*p**2 + 28*p - 74. Let o be i(2). Calculate the highest common factor of o and r.
9
Suppose 8*m - 39889 + 13169 = 0. What is the highest common divisor of m and 20?
20
Suppose 194*r + 145980 = 209*r. Calculate the greatest common factor of 12 and r.
12
Suppose 0 = -4*d - x + 16, 3*d + 4*x - 16 = -d. Suppose 2*u - 55 = -3*z + d*u, 0 = -2*u - 10. Calculate the highest common factor of z and 255.
15
Suppose k = 5*c + 239 + 7633, 4*k = c + 31431. What is the greatest common factor of k and 97?
97
Let f(u) = 26*u + 2426. Let b be f(-49). Calculate the greatest common divisor of b and 8352.
288
Let r = 787 - 644. Let o = -44 - -82. Let q = -25 + o. What is the highest common divisor of r and q?
13
Let s be 6438/36 + (-1)/(-6). Let h = 203 - s. Calculate the greatest common divisor of h and 72.
24
Let b be -2*1*(-37)/2. Let p = b + -27. Suppose -39*f + 37*f + 8 = 0. Calculate the greatest common factor of p and f.
2
Suppose 5245 + 12586 = 4*v - 3*y, 0 = -2*v + 4*y + 8928. Calculate the highest common factor of v and 136.
34
Let d be (-153)/6*(-114)/171. Calculate the highest common divisor of 2125 and d.
17
Let p(k) = 2*k**2 + 3730*k - 22430. Let f be p(6). Let d = 22 + -13. Let o be ((-33)/d)/((-2)/48). What is the greatest common divisor of f and o?
22
Let y = 870 - -318. What is the highest common factor of y and 6?
6
Suppose -251*o + 56*o + 1016500 = 55*o. Calculate the highest common divisor of o and 38.
38
Let k = 1160 + -1025. Calculate the highest common factor of k and 3915.
135
Let n(i) = 62 + 2*i + 57 - 120. Let m be n(14). Calculate the greatest common divisor of 27 and m.
27
Let c(t) = 20*t**2 + 42*t + 236. Let f be c(-5). Let m be f*(-3)/(-33) + 12/66. Let b = -60 + 108. What is the highest common divisor of m and b?
48
Let h(u) = 149*u**2 + 13*u - 3. Let y be h(2). Let s = -562 + y. Calculate the highest common divisor of 133 and s.
19
Let y(i) be the first derivative of i**4/4 + i**3/3 + 3*i**2/2 + 10*i + 82. Let g be y(0). Calculate the greatest common divisor of 6 and g.
2
Suppose 3*t - 14 = 5*k, 0*t + 16 = -5*k + 2*t. Let i be k/12*(-2 + 20). Let v be (-195)/(-24) + i/48. What is the highest common divisor of v and 20?
4
Let u(p) = p**2 + 18*p - 26. Let a be u(-17). Let y = a + 63. Let s = -5 + 9. What is the highest common factor of s and y?
4
Let u = 18093 + -14555. Calculate the highest common divisor of u and 61.
61
Let u be ((-87)/(-174))/(1/(-2) + 0)*-2862. What is the highest common factor of 72 and u?
18
Let g be 12/(-10)*((-69)/2 + -3). Suppose -g*x = -43*x - 128. Suppose -8*d + 10*d = x. Calculate the highest common divisor of 2 and d.
2
Let u(f) = -f**3 + 17*f**2 + 59*f + 40. Let s be u(20). What is the highest common divisor of 6480 and s?
20
Suppose 0 = a - 4, -804 = -4*v - 2*a - 2*a. Suppose 23*i - v = 79. What is the greatest common factor of i and 12?
12
Suppose 5*k + 2*m + 222 = 1046, -5*k - 3*m = -816. Calculate the highest common factor of k and 29064.
168
Suppose -3*t = -p - 104, 5*t - 18*p = -17*p + 176. Suppose 5*f - 874 = -64. Calculate the highest common divisor of f and t.
18
Let p = 20905 - 8944. Calculate the highest common divisor of 54 and p.
27
Let h = 8768 + -7473. Calculate the greatest common factor of 70 and h.
35
Let o = -3741 - -4254. What is the greatest